{"id":220,"date":"2016-03-07T19:43:16","date_gmt":"2016-03-07T19:43:16","guid":{"rendered":"http:\/\/www.erasmusrural.com\/?page_id=220"},"modified":"2025-02-20T10:29:33","modified_gmt":"2025-02-20T10:29:33","slug":"actividades-y-talleres","status":"publish","type":"page","link":"https:\/\/www.erasmusrural.com\/index.php\/actividades-y-talleres\/","title":{"rendered":"Actividades y Talleres"},"content":{"rendered":"<p>[et_pb_section fb_built=\u00bb1&#8243; fullwidth=\u00bbon\u00bb custom_padding_last_edited=\u00bbon|desktop\u00bb admin_label=\u00bbsection\u00bb _builder_version=\u00bb4.16&#8243; background_color=\u00bb#87b572&#8243; custom_padding_tablet=\u00bb50px|0|50px|0&#8243; custom_padding_phone=\u00bb\u00bb transparent_background=\u00bboff\u00bb padding_mobile=\u00bboff\u00bb make_fullwidth=\u00bboff\u00bb use_custom_width=\u00bboff\u00bb width_unit=\u00bbon\u00bb global_colors_info=\u00bb{}\u00bb][et_pb_fullwidth_header title=\u00bbActividades y Talleres \u00bb subhead=\u00bbRealizados en Acci\u00f3n Rural\u00bb content_max_width=\u00bbnone\u00bb title_font_color=\u00bb#ffffff\u00bb admin_label=\u00bbT\u00edtulo de anchura completa\u00bb _builder_version=\u00bb4.16&#8243; title_font=\u00bb|on|||\u00bb title_text_color=\u00bb#ffffff\u00bb background_color=\u00bbrgba(255, 255, 255, 0)\u00bb button_one_border_radius_hover=\u00bb3&#8243; button_two_border_radius_hover=\u00bb3&#8243; button_one_letter_spacing_hover=\u00bb0&#8243; button_two_letter_spacing_hover=\u00bb0&#8243; global_colors_info=\u00bb{}\u00bb button_one_text_size__hover_enabled=\u00bboff\u00bb button_two_text_size__hover_enabled=\u00bboff\u00bb button_one_text_color__hover_enabled=\u00bboff\u00bb button_two_text_color__hover_enabled=\u00bboff\u00bb button_one_border_width__hover_enabled=\u00bboff\u00bb button_two_border_width__hover_enabled=\u00bboff\u00bb button_one_border_color__hover_enabled=\u00bboff\u00bb button_two_border_color__hover_enabled=\u00bboff\u00bb button_one_border_radius__hover_enabled=\u00bbon\u00bb button_one_border_radius__hover=\u00bb3&#8243; button_two_border_radius__hover_enabled=\u00bbon\u00bb button_two_border_radius__hover=\u00bb3&#8243; button_one_letter_spacing__hover_enabled=\u00bbon\u00bb button_one_letter_spacing__hover=\u00bb0&#8243; button_two_letter_spacing__hover_enabled=\u00bbon\u00bb button_two_letter_spacing__hover=\u00bb0&#8243; button_one_bg_color__hover_enabled=\u00bboff\u00bb button_two_bg_color__hover_enabled=\u00bboff\u00bb]Pulsa en las im\u00e1genes para visualizarlos<br \/>\n[\/et_pb_fullwidth_header][\/et_pb_section][et_pb_section fb_built=\u00bb1&#8243; admin_label=\u00bbsection\u00bb _builder_version=\u00bb4.16&#8243; global_colors_info=\u00bb{}\u00bb][et_pb_row admin_label=\u00bbrow\u00bb _builder_version=\u00bb4.16&#8243; background_size=\u00bbinitial\u00bb background_position=\u00bbtop_left\u00bb background_repeat=\u00bbrepeat\u00bb global_colors_info=\u00bb{}\u00bb][et_pb_column type=\u00bb4_4&#8243; _builder_version=\u00bb4.16&#8243; custom_padding=\u00bb|||\u00bb global_colors_info=\u00bb{}\u00bb custom_padding__hover=\u00bb|||\u00bb][et_pb_text admin_label=\u00bbTexto\u00bb _builder_version=\u00bb4.16&#8243; background_size=\u00bbinitial\u00bb background_position=\u00bbtop_left\u00bb background_repeat=\u00bbrepeat\u00bb custom_padding=\u00bb0px|||||\u00bb use_border_color=\u00bboff\u00bb border_color=\u00bb#ffffff\u00bb border_style=\u00bbsolid\u00bb global_colors_info=\u00bb{}\u00bb]<\/p>\n<h3><strong>Carteler\u00eda Actividades y Talleres<\/strong><\/h3>\n<p>[\/et_pb_text][\/et_pb_column][\/et_pb_row][et_pb_row admin_label=\u00bbrow\u00bb _builder_version=\u00bb4.16&#8243; background_size=\u00bbinitial\u00bb background_position=\u00bbtop_left\u00bb background_repeat=\u00bbrepeat\u00bb global_colors_info=\u00bb{}\u00bb][et_pb_column type=\u00bb4_4&#8243; _builder_version=\u00bb4.16&#8243; custom_padding=\u00bb|||\u00bb global_colors_info=\u00bb{}\u00bb custom_padding__hover=\u00bb|||\u00bb][et_pb_gallery gallery_ids=\u00bb534,528,527,526,525,524,522,521,530&#8243; orientation=\u00bbportrait\u00bb show_title_and_caption=\u00bboff\u00bb _builder_version=\u00bb4.27.3&#8243; custom_margin=\u00bb0px||||false|false\u00bb custom_padding=\u00bb0px||||false|false\u00bb hover_enabled=\u00bb0&#8243; border_radii_image=\u00bbon|0px|0px|0px|0px\u00bb global_colors_info=\u00bb{}\u00bb sticky_enabled=\u00bb0&#8243;][\/et_pb_gallery][\/et_pb_column][\/et_pb_row][et_pb_row column_structure=\u00bb1_2,1_2&#8243; admin_label=\u00bbrow\u00bb _builder_version=\u00bb4.16&#8243; background_size=\u00bbinitial\u00bb background_position=\u00bbtop_left\u00bb background_repeat=\u00bbrepeat\u00bb global_colors_info=\u00bb{}\u00bb][et_pb_column type=\u00bb1_2&#8243; _builder_version=\u00bb4.16&#8243; custom_padding=\u00bb|||\u00bb global_colors_info=\u00bb{}\u00bb custom_padding__hover=\u00bb|||\u00bb][et_pb_text admin_label=\u00bbTexto\u00bb _builder_version=\u00bb4.16&#8243; background_size=\u00bbinitial\u00bb background_position=\u00bbtop_left\u00bb background_repeat=\u00bbrepeat\u00bb use_border_color=\u00bboff\u00bb border_color=\u00bb#ffffff\u00bb border_style=\u00bbsolid\u00bb global_colors_info=\u00bb{}\u00bb]<\/p>\n<h3><strong>Galer\u00eda Fotogr\u00e1fica de Actividades<\/strong><\/h3>\n<p>[\/et_pb_text][et_pb_gallery gallery_ids=\u00bb324,325,326,370,124,125,323,322,321,320,319,318,317&#8243; fullwidth=\u00bbon\u00bb _builder_version=\u00bb4.16&#8243; background_layout=\u00bbdark\u00bb global_colors_info=\u00bb{}\u00bb][\/et_pb_gallery][et_pb_gallery gallery_ids=\u00bb346,49,48,50,54,57,56,55,82,83,84,89&#8243; fullwidth=\u00bbon\u00bb _builder_version=\u00bb4.16&#8243; background_layout=\u00bbdark\u00bb global_colors_info=\u00bb{}\u00bb][\/et_pb_gallery][\/et_pb_column][et_pb_column type=\u00bb1_2&#8243; _builder_version=\u00bb4.16&#8243; custom_padding=\u00bb|||\u00bb global_colors_info=\u00bb{}\u00bb custom_padding__hover=\u00bb|||\u00bb][et_pb_text admin_label=\u00bbTexto\u00bb _builder_version=\u00bb4.16&#8243; background_size=\u00bbinitial\u00bb background_position=\u00bbtop_left\u00bb background_repeat=\u00bbrepeat\u00bb use_border_color=\u00bboff\u00bb border_color=\u00bb#ffffff\u00bb border_style=\u00bbsolid\u00bb global_colors_info=\u00bb{}\u00bb]<\/p>\n<h3><strong>Galer\u00eda Fotogr\u00e1fica de Talleres<\/strong><\/h3>\n<p>[\/et_pb_text][et_pb_gallery gallery_ids=\u00bb375,374,372,342,341,340,339,335,334,333,332,331,329,328,327,289,288,286,284,127,126,125,124,123,122,121,120,119,118,117,116,115,114,113,112,111,110,90,92,93,94,95,99,108,109&#8243; fullwidth=\u00bbon\u00bb _builder_version=\u00bb4.16&#8243; background_layout=\u00bbdark\u00bb global_colors_info=\u00bb{}\u00bb][\/et_pb_gallery][et_pb_gallery gallery_ids=\u00bb68,67,66,64,63,62,61,60,76,75,77,86,85,87&#8243; fullwidth=\u00bbon\u00bb _builder_version=\u00bb4.16&#8243; background_layout=\u00bbdark\u00bb global_colors_info=\u00bb{}\u00bb][\/et_pb_gallery][\/et_pb_column][\/et_pb_row][et_pb_row _builder_version=\u00bb4.16&#8243; global_colors_info=\u00bb{}\u00bb][et_pb_column type=\u00bb4_4&#8243; _builder_version=\u00bb4.16&#8243; global_colors_info=\u00bb{}\u00bb][et_pb_gallery gallery_ids=\u00bb426,425,424,423,422,421,420,419,411,412,413,414,415,416,417,418,410,409,408,407,406,405,404&#8243; fullwidth=\u00bbon\u00bb _builder_version=\u00bb4.16&#8243; background_layout=\u00bbdark\u00bb global_colors_info=\u00bb{}\u00bb][\/et_pb_gallery][\/et_pb_column][\/et_pb_row][\/et_pb_section][et_pb_section fb_built=\u00bb1&#8243; custom_padding_last_edited=\u00bbon|desktop\u00bb admin_label=\u00bbSecci\u00f3n\u00bb _builder_version=\u00bb4.16&#8243; background_color=\u00bb#87b572&#8243; custom_padding_tablet=\u00bb50px|0|50px|0&#8243; custom_padding_phone=\u00bb\u00bb transparent_background=\u00bboff\u00bb padding_mobile=\u00bboff\u00bb make_fullwidth=\u00bboff\u00bb use_custom_width=\u00bboff\u00bb width_unit=\u00bbon\u00bb global_colors_info=\u00bb{}\u00bb][et_pb_row admin_label=\u00bbFila\u00bb _builder_version=\u00bb4.16&#8243; background_size=\u00bbinitial\u00bb background_position=\u00bbtop_left\u00bb background_repeat=\u00bbrepeat\u00bb global_colors_info=\u00bb{}\u00bb][et_pb_column type=\u00bb4_4&#8243; _builder_version=\u00bb4.16&#8243; custom_padding=\u00bb|||\u00bb global_colors_info=\u00bb{}\u00bb custom_padding__hover=\u00bb|||\u00bb][et_pb_cta title=\u00bbContacta con nosotros\u00bb button_url=\u00bbhttp:\/\/www.erasmusrural.com\/index.php\/contactar\/\u00bb button_text=\u00bbContactar\u00bb admin_label=\u00bbLlamada a la acci\u00f3n\u00bb _builder_version=\u00bb4.16&#8243; background_color=\u00bb#87b572&#8243; background_size=\u00bbinitial\u00bb background_position=\u00bbtop_left\u00bb background_repeat=\u00bbrepeat\u00bb text_orientation=\u00bbleft\u00bb use_border_color=\u00bboff\u00bb border_color=\u00bb#ffffff\u00bb border_style=\u00bbsolid\u00bb button_border_radius_hover=\u00bb3&#8243; button_letter_spacing_hover=\u00bb0&#8243; global_colors_info=\u00bb{}\u00bb button_text_size__hover_enabled=\u00bboff\u00bb button_one_text_size__hover_enabled=\u00bboff\u00bb button_two_text_size__hover_enabled=\u00bboff\u00bb button_text_color__hover_enabled=\u00bboff\u00bb button_one_text_color__hover_enabled=\u00bboff\u00bb button_two_text_color__hover_enabled=\u00bboff\u00bb button_border_width__hover_enabled=\u00bboff\u00bb button_one_border_width__hover_enabled=\u00bboff\u00bb button_two_border_width__hover_enabled=\u00bboff\u00bb button_border_color__hover_enabled=\u00bboff\u00bb button_one_border_color__hover_enabled=\u00bboff\u00bb button_two_border_color__hover_enabled=\u00bboff\u00bb button_border_radius__hover_enabled=\u00bbon\u00bb button_border_radius__hover=\u00bb3&#8243; button_one_border_radius__hover_enabled=\u00bboff\u00bb button_two_border_radius__hover_enabled=\u00bboff\u00bb button_letter_spacing__hover_enabled=\u00bbon\u00bb button_letter_spacing__hover=\u00bb0&#8243; button_one_letter_spacing__hover_enabled=\u00bboff\u00bb button_two_letter_spacing__hover_enabled=\u00bboff\u00bb button_bg_color__hover_enabled=\u00bboff\u00bb button_one_bg_color__hover_enabled=\u00bboff\u00bb button_two_bg_color__hover_enabled=\u00bboff\u00bb]Si estas interesado\/a, solicita m\u00e1s informaci\u00f3n, pulsa el bot\u00f3n y rellena el formulario<br \/>\n[\/et_pb_cta][\/et_pb_column][\/et_pb_row][\/et_pb_section]<\/p>\n","protected":false},"excerpt":{"rendered":"<p>Pulsa en las im\u00e1genes para visualizarlos Carteler\u00eda Actividades y TalleresGaler\u00eda Fotogr\u00e1fica de ActividadesGaler\u00eda Fotogr\u00e1fica de TalleresSi estas interesado\/a, solicita m\u00e1s informaci\u00f3n, pulsa el bot\u00f3n y rellena el formulario<\/p>\n","protected":false},"author":2,"featured_media":0,"parent":0,"menu_order":0,"comment_status":"closed","ping_status":"closed","template":"","meta":{"_et_pb_use_builder":"on","_et_pb_old_content":"","_et_gb_content_width":"","footnotes":""},"class_list":["post-220","page","type-page","status-publish","hentry"],"yoast_head":"<!-- This site is optimized with the Yoast SEO plugin v27.4 - https:\/\/yoast.com\/product\/yoast-seo-wordpress\/ -->\n<title>Actividades y Talleres - Web Oficial de Erasmus Rural \u00b7 Extremadura \u00b7 Espa\u00f1a<\/title>\n<meta name=\"robots\" content=\"index, follow, max-snippet:-1, max-image-preview:large, max-video-preview:-1\" \/>\n<link rel=\"canonical\" href=\"https:\/\/www.erasmusrural.com\/index.php\/actividades-y-talleres\/\" \/>\n<meta property=\"og:locale\" content=\"es_ES\" \/>\n<meta property=\"og:type\" content=\"article\" \/>\n<meta property=\"og:title\" content=\"Actividades y Talleres - Web Oficial de Erasmus Rural \u00b7 Extremadura \u00b7 Espa\u00f1a\" \/>\n<meta property=\"og:description\" content=\"Pulsa en las im\u00e1genes para visualizarlos Carteler\u00eda Actividades y TalleresGaler\u00eda Fotogr\u00e1fica de ActividadesGaler\u00eda Fotogr\u00e1fica de TalleresSi estas interesado\/a, solicita m\u00e1s informaci\u00f3n, pulsa el bot\u00f3n y rellena el formulario\" \/>\n<meta property=\"og:url\" content=\"https:\/\/www.erasmusrural.com\/index.php\/actividades-y-talleres\/\" \/>\n<meta property=\"og:site_name\" content=\"Web Oficial de Erasmus Rural \u00b7 Extremadura \u00b7 Espa\u00f1a\" \/>\n<meta property=\"article:modified_time\" content=\"2025-02-20T10:29:33+00:00\" \/>\n<meta name=\"twitter:card\" content=\"summary_large_image\" \/>\n<meta name=\"twitter:label1\" content=\"Tiempo de lectura\" \/>\n\t<meta name=\"twitter:data1\" content=\"5 minutos\" \/>\n<script type=\"application\/ld+json\" class=\"yoast-schema-graph\">{\"@context\":\"https:\\\/\\\/schema.org\",\"@graph\":[{\"@type\":\"WebPage\",\"@id\":\"https:\\\/\\\/www.erasmusrural.com\\\/index.php\\\/actividades-y-talleres\\\/\",\"url\":\"https:\\\/\\\/www.erasmusrural.com\\\/index.php\\\/actividades-y-talleres\\\/\",\"name\":\"Actividades y Talleres - Web Oficial de Erasmus Rural \u00b7 Extremadura \u00b7 Espa\u00f1a\",\"isPartOf\":{\"@id\":\"https:\\\/\\\/www.erasmusrural.com\\\/#website\"},\"datePublished\":\"2016-03-07T19:43:16+00:00\",\"dateModified\":\"2025-02-20T10:29:33+00:00\",\"breadcrumb\":{\"@id\":\"https:\\\/\\\/www.erasmusrural.com\\\/index.php\\\/actividades-y-talleres\\\/#breadcrumb\"},\"inLanguage\":\"es\",\"potentialAction\":[{\"@type\":\"ReadAction\",\"target\":[\"https:\\\/\\\/www.erasmusrural.com\\\/index.php\\\/actividades-y-talleres\\\/\"]}]},{\"@type\":\"BreadcrumbList\",\"@id\":\"https:\\\/\\\/www.erasmusrural.com\\\/index.php\\\/actividades-y-talleres\\\/#breadcrumb\",\"itemListElement\":[{\"@type\":\"ListItem\",\"position\":1,\"name\":\"Portada\",\"item\":\"https:\\\/\\\/www.erasmusrural.com\\\/\"},{\"@type\":\"ListItem\",\"position\":2,\"name\":\"Actividades y Talleres\"}]},{\"@type\":\"WebSite\",\"@id\":\"https:\\\/\\\/www.erasmusrural.com\\\/#website\",\"url\":\"https:\\\/\\\/www.erasmusrural.com\\\/\",\"name\":\"Web Oficial de Erasmus Rural \u00b7 Extremadura \u00b7 Espa\u00f1a\",\"description\":\"Erasmus Extremadura\",\"potentialAction\":[{\"@type\":\"SearchAction\",\"target\":{\"@type\":\"EntryPoint\",\"urlTemplate\":\"https:\\\/\\\/www.erasmusrural.com\\\/?s={search_term_string}\"},\"query-input\":{\"@type\":\"PropertyValueSpecification\",\"valueRequired\":true,\"valueName\":\"search_term_string\"}}],\"inLanguage\":\"es\"}]}<\/script>\n<!-- \/ Yoast SEO plugin. -->","yoast_head_json":{"title":"Actividades y Talleres - Web Oficial de Erasmus Rural \u00b7 Extremadura \u00b7 Espa\u00f1a","robots":{"index":"index","follow":"follow","max-snippet":"max-snippet:-1","max-image-preview":"max-image-preview:large","max-video-preview":"max-video-preview:-1"},"canonical":"https:\/\/www.erasmusrural.com\/index.php\/actividades-y-talleres\/","og_locale":"es_ES","og_type":"article","og_title":"Actividades y Talleres - Web Oficial de Erasmus Rural \u00b7 Extremadura \u00b7 Espa\u00f1a","og_description":"Pulsa en las im\u00e1genes para visualizarlos Carteler\u00eda Actividades y TalleresGaler\u00eda Fotogr\u00e1fica de ActividadesGaler\u00eda Fotogr\u00e1fica de TalleresSi estas interesado\/a, solicita m\u00e1s informaci\u00f3n, pulsa el bot\u00f3n y rellena el formulario","og_url":"https:\/\/www.erasmusrural.com\/index.php\/actividades-y-talleres\/","og_site_name":"Web Oficial de Erasmus Rural \u00b7 Extremadura \u00b7 Espa\u00f1a","article_modified_time":"2025-02-20T10:29:33+00:00","twitter_card":"summary_large_image","twitter_misc":{"Tiempo de lectura":"5 minutos"},"schema":{"@context":"https:\/\/schema.org","@graph":[{"@type":"WebPage","@id":"https:\/\/www.erasmusrural.com\/index.php\/actividades-y-talleres\/","url":"https:\/\/www.erasmusrural.com\/index.php\/actividades-y-talleres\/","name":"Actividades y Talleres - Web Oficial de Erasmus Rural \u00b7 Extremadura \u00b7 Espa\u00f1a","isPartOf":{"@id":"https:\/\/www.erasmusrural.com\/#website"},"datePublished":"2016-03-07T19:43:16+00:00","dateModified":"2025-02-20T10:29:33+00:00","breadcrumb":{"@id":"https:\/\/www.erasmusrural.com\/index.php\/actividades-y-talleres\/#breadcrumb"},"inLanguage":"es","potentialAction":[{"@type":"ReadAction","target":["https:\/\/www.erasmusrural.com\/index.php\/actividades-y-talleres\/"]}]},{"@type":"BreadcrumbList","@id":"https:\/\/www.erasmusrural.com\/index.php\/actividades-y-talleres\/#breadcrumb","itemListElement":[{"@type":"ListItem","position":1,"name":"Portada","item":"https:\/\/www.erasmusrural.com\/"},{"@type":"ListItem","position":2,"name":"Actividades y Talleres"}]},{"@type":"WebSite","@id":"https:\/\/www.erasmusrural.com\/#website","url":"https:\/\/www.erasmusrural.com\/","name":"Web Oficial de Erasmus Rural \u00b7 Extremadura \u00b7 Espa\u00f1a","description":"Erasmus Extremadura","potentialAction":[{"@type":"SearchAction","target":{"@type":"EntryPoint","urlTemplate":"https:\/\/www.erasmusrural.com\/?s={search_term_string}"},"query-input":{"@type":"PropertyValueSpecification","valueRequired":true,"valueName":"search_term_string"}}],"inLanguage":"es"}]}},"jetpack_sharing_enabled":true,"_links":{"self":[{"href":"https:\/\/www.erasmusrural.com\/index.php\/wp-json\/wp\/v2\/pages\/220","targetHints":{"allow":["GET"]}}],"collection":[{"href":"https:\/\/www.erasmusrural.com\/index.php\/wp-json\/wp\/v2\/pages"}],"about":[{"href":"https:\/\/www.erasmusrural.com\/index.php\/wp-json\/wp\/v2\/types\/page"}],"author":[{"embeddable":true,"href":"https:\/\/www.erasmusrural.com\/index.php\/wp-json\/wp\/v2\/users\/2"}],"replies":[{"embeddable":true,"href":"https:\/\/www.erasmusrural.com\/index.php\/wp-json\/wp\/v2\/comments?post=220"}],"version-history":[{"count":15,"href":"https:\/\/www.erasmusrural.com\/index.php\/wp-json\/wp\/v2\/pages\/220\/revisions"}],"predecessor-version":[{"id":535,"href":"https:\/\/www.erasmusrural.com\/index.php\/wp-json\/wp\/v2\/pages\/220\/revisions\/535"}],"wp:attachment":[{"href":"https:\/\/www.erasmusrural.com\/index.php\/wp-json\/wp\/v2\/media?parent=220"}],"curies":[{"name":"wp","href":"https:\/\/api.w.org\/{rel}","templated":true}]}}