{"id":201,"date":"2016-03-07T17:10:53","date_gmt":"2016-03-07T17:10:53","guid":{"rendered":"http:\/\/www.erasmusrural.com\/?page_id=201"},"modified":"2016-03-11T12:08:31","modified_gmt":"2016-03-11T12:08:31","slug":"quienes-somos","status":"publish","type":"page","link":"https:\/\/www.erasmusrural.com\/index.php\/quienes-somos\/","title":{"rendered":"Quienes s\u00f3mos"},"content":{"rendered":"<p>[et_pb_section admin_label=\u00bbsection\u00bb background_color=\u00bb#87b572&#8243; inner_shadow=\u00bbon\u00bb fullwidth=\u00bbon\u00bb transparent_background=\u00bboff\u00bb allow_player_pause=\u00bboff\u00bb parallax=\u00bboff\u00bb parallax_method=\u00bboff\u00bb padding_mobile=\u00bboff\u00bb make_fullwidth=\u00bboff\u00bb use_custom_width=\u00bboff\u00bb width_unit=\u00bbon\u00bb make_equal=\u00bboff\u00bb use_custom_gutter=\u00bboff\u00bb gutter_width=\u00bb3&#8243;][et_pb_fullwidth_header admin_label=\u00bbT\u00edtulo de anchura completa\u00bb title=\u00bbSobre nosotros\u00bb subhead=\u00bbConoce Acci\u00f3n Rural y sus objetivos\u00bb background_layout=\u00bbdark\u00bb text_orientation=\u00bbleft\u00bb header_fullscreen=\u00bboff\u00bb header_scroll_down=\u00bboff\u00bb parallax=\u00bboff\u00bb parallax_method=\u00bboff\u00bb content_orientation=\u00bbcenter\u00bb image_orientation=\u00bbcenter\u00bb custom_button_one=\u00bboff\u00bb button_one_text_size=\u00bb20&#8243; button_one_border_width=\u00bb2&#8243; button_one_border_radius=\u00bb3&#8243; button_one_letter_spacing=\u00bb0&#8243; button_one_use_icon=\u00bbdefault\u00bb button_one_icon_placement=\u00bbright\u00bb button_one_on_hover=\u00bbon\u00bb button_one_border_radius_hover=\u00bb3&#8243; button_one_letter_spacing_hover=\u00bb0&#8243; custom_button_two=\u00bboff\u00bb button_two_text_size=\u00bb20&#8243; button_two_border_width=\u00bb2&#8243; button_two_border_radius=\u00bb3&#8243; button_two_letter_spacing=\u00bb0&#8243; button_two_use_icon=\u00bbdefault\u00bb button_two_icon_placement=\u00bbright\u00bb button_two_on_hover=\u00bbon\u00bb button_two_border_radius_hover=\u00bb3&#8243; button_two_letter_spacing_hover=\u00bb0&#8243;] [\/et_pb_fullwidth_header][\/et_pb_section][et_pb_section admin_label=\u00bbsection\u00bb][et_pb_row admin_label=\u00bbrow\u00bb][et_pb_column type=\u00bb1_3&#8243;][et_pb_image admin_label=\u00bbImagen\u00bb src=\u00bbhttp:\/\/www.erasmusrural.com\/wp-content\/uploads\/2016\/03\/TUTORIAS-2.jpg\u00bb show_in_lightbox=\u00bboff\u00bb url_new_window=\u00bboff\u00bb animation=\u00bbleft\u00bb sticky=\u00bboff\u00bb align=\u00bbleft\u00bb force_fullwidth=\u00bboff\u00bb always_center_on_mobile=\u00bbon\u00bb use_border_color=\u00bboff\u00bb border_color=\u00bb#ffffff\u00bb border_style=\u00bbsolid\u00bb] [\/et_pb_image][et_pb_image admin_label=\u00bbImagen\u00bb src=\u00bbhttp:\/\/www.erasmusrural.com\/wp-content\/uploads\/2016\/03\/AULA-NI\u00d1OS-5.jpg\u00bb show_in_lightbox=\u00bboff\u00bb url_new_window=\u00bboff\u00bb animation=\u00bbleft\u00bb sticky=\u00bboff\u00bb align=\u00bbleft\u00bb force_fullwidth=\u00bboff\u00bb always_center_on_mobile=\u00bbon\u00bb use_border_color=\u00bboff\u00bb border_color=\u00bb#ffffff\u00bb border_style=\u00bbsolid\u00bb] [\/et_pb_image][et_pb_image admin_label=\u00bbImagen\u00bb src=\u00bbhttp:\/\/www.erasmusrural.com\/wp-content\/uploads\/2016\/03\/AULA-4.jpg\u00bb show_in_lightbox=\u00bboff\u00bb url_new_window=\u00bboff\u00bb animation=\u00bbleft\u00bb sticky=\u00bboff\u00bb align=\u00bbleft\u00bb force_fullwidth=\u00bboff\u00bb always_center_on_mobile=\u00bbon\u00bb use_border_color=\u00bboff\u00bb border_color=\u00bb#ffffff\u00bb border_style=\u00bbsolid\u00bb] [\/et_pb_image][et_pb_image admin_label=\u00bbImagen\u00bb src=\u00bbhttp:\/\/www.erasmusrural.com\/wp-content\/uploads\/2016\/03\/AULA-PC-2.jpg\u00bb show_in_lightbox=\u00bboff\u00bb url_new_window=\u00bboff\u00bb animation=\u00bbleft\u00bb sticky=\u00bboff\u00bb align=\u00bbleft\u00bb force_fullwidth=\u00bboff\u00bb always_center_on_mobile=\u00bbon\u00bb use_border_color=\u00bboff\u00bb border_color=\u00bb#ffffff\u00bb border_style=\u00bbsolid\u00bb] [\/et_pb_image][\/et_pb_column][et_pb_column type=\u00bb2_3&#8243;][et_pb_text admin_label=\u00bbTexto\u00bb background_layout=\u00bblight\u00bb text_orientation=\u00bbleft\u00bb text_font_size=\u00bb14&#8243; use_border_color=\u00bboff\u00bb border_color=\u00bb#ffffff\u00bb border_style=\u00bbsolid\u00bb]<\/p>\n<p style=\"text-align: justify;\">Acci\u00f3n Rural es una organizaci\u00f3n sin \u00e1nimo de lucro que se\u00a0 encuentra registrada en el Registro de Asociaciones de la Junta de\u00a0 Extremadura, en la Secci\u00f3n 1\u00aa, con el n\u00famero 2826.<\/p>\n<p style=\"text-align: justify;\">Tiene un \u00e1mbito de actuaci\u00f3n regional, es decir, abarca las dos provincias que conforman la Comunidad Aut\u00f3noma de Extremadura, C\u00e1ceres y Badajoz.<\/p>\n<p style=\"text-align: justify;\">Desde Acci\u00f3n Rural trabajamos por y para la formaci\u00f3n, participaci\u00f3n, integraci\u00f3n y desarrollo de las personas que viven en el medio rural, siendo todas ellas destinatarias de nuestras actuaciones y actividades, aunque especialmente los ni\u00f1os, j\u00f3venes, mujeres, mayores y personas con discapacidad.<\/p>\n<p>Las personas de Acci\u00f3n Rural que hacen esta labor, unas 35, lo hacen de forma totalmente voluntaria.<br \/>\nLas\u00a0 actividades que se llevan a cabo en Acci\u00f3n Rural son las relacionadas con la formaci\u00f3n e integraci\u00f3n de las personas con el medio rural a trav\u00e9s de la formaci\u00f3n en diferentes \u00e1reas formativas. Se imparten cursos de medio ambiente, cocina, pretecnolog\u00eda, inform\u00e1tica, transporte\u00a0 de animales vivos, t\u00e9cnica de animaci\u00f3n.<\/p>\n<p style=\"text-align: justify;\">Los grupos destinatarios son todos aquellos que conviven en el medio rural, ya que nuestros cursos formativos y participativos est\u00e1n abiertos a los diferente colectivos (ni\u00f1os, mujeres, j\u00f3venes, adultos, abuelos\u2026).<\/p>\n<p style=\"text-align: justify;\">Respecto a nuestra participaci\u00f3n en proyectos de voluntariado europeo, hemos experimentado una considerable expansi\u00f3n: ampliaci\u00f3n del n\u00famero de plazas de acogida as\u00ed como un importante incremento de voluntarios espa\u00f1oles que buscan proyectos de acogida.<\/p>\n<p>A lo largo de estos a\u00f1os hemos participado en diferentes foros dando a conocer el programa y nuestra experiencia y hemos hecho nuevos socios para establecer futuros proyectos. Tambi\u00e9n hemos desarrollado proyectos de acogida donde participaron los voluntarios.<\/p>\n<p>En el a\u00f1o 2002 acogimos al primer voluntario EVS. Desde aquel momento hemos acogido catorce voluntarios de siete pa\u00edses diferentes y hemos enviado a dos voluntarios locales a trav\u00e9s de otras organizaciones sociales de acci\u00f3n rural y otros proyectos europeos.<\/p>\n<p>La frecuencia de la participaci\u00f3n de voluntarios europeos es anual y la duraci\u00f3n del proyecto suele ser de 12 meses.<br \/>\nComo organizaci\u00f3n coordinadora de env\u00edo y acogida somos responsables de garantizar el cumplimiento de la Carta del Servicio Voluntario Europeo, desarrollando las funciones en ella descritas, as\u00ed como cumplir los fines y objetivos del programa durante todo el ejercicio de nuestra actividad y no s\u00f3lo en periodos en los que llevemos a cabo proyectos del SVE.<\/p>\n<p>El personal de Acci\u00f3n Rural es totalmente voluntario. Aproximadamente 35 socios y 12\u00a0\u00a0 voluntarios para Erasmus Plus, con un perfil t\u00e9cnico (licenciados en Historia, Ciencias pol\u00edticas,\u00a0 Econom\u00eda, t\u00e9cnico de Educaci\u00f3n, directores\u00a0 y monitores, de ocio y tiempo libre, t\u00e9cnico en Cocina, titulado con tarjeta profesional de construcci\u00f3n, trabajadores sociales, t\u00e9cnicos sanitarios). En Acci\u00f3n rural la participaci\u00f3n del voluntariado es muy importante y est\u00e1n\u00a0 repartidos en las dos provincias que conforman la Comunidad Aut\u00f3noma.<\/p>\n<p style=\"text-align: justify;\">Para dar respuesta a estas necesidades de formaci\u00f3n no reglada, gestionamos un abanico de servicios que procura ajustarse a las necesidades y circunstancias de cada persona o entidades colaboradoras en programas para el desarrollo de actividades, de integraci\u00f3n sociolaboral,\u00a0 formaci\u00f3n, expresi\u00f3n cultural o programas de ocio y tiempo libre. Su tarea se ha ido articulando en torno a la gesti\u00f3n, de forma directa o mediante entidades participativas, de servicios y programas socioculturales cuyos destinatarios tienen en com\u00fan la participaci\u00f3n y el desarrollo del mismo.<\/p>\n<p>[\/et_pb_text][\/et_pb_column][\/et_pb_row][\/et_pb_section][et_pb_section admin_label=\u00bbsection\u00bb background_color=\u00bb#87b572&#8243; transparent_background=\u00bboff\u00bb allow_player_pause=\u00bboff\u00bb inner_shadow=\u00bboff\u00bb parallax=\u00bboff\u00bb parallax_method=\u00bboff\u00bb padding_mobile=\u00bboff\u00bb make_fullwidth=\u00bboff\u00bb use_custom_width=\u00bboff\u00bb width_unit=\u00bbon\u00bb make_equal=\u00bboff\u00bb use_custom_gutter=\u00bboff\u00bb gutter_width=\u00bb3&#8243;][et_pb_row admin_label=\u00bbrow\u00bb][et_pb_column type=\u00bb4_4&#8243;][et_pb_cta admin_label=\u00bbLlamada a la acci\u00f3n\u00bb title=\u00bbContacta con nosotros\u00bb button_url=\u00bbhttp:\/\/www.erasmusrural.com\/index.php\/contactar\/\u00bb button_text=\u00bbContactar\u00bb background_layout=\u00bbdark\u00bb background_color=\u00bbnone\u00bb url_new_window=\u00bboff\u00bb use_background_color=\u00bbon\u00bb text_orientation=\u00bbleft\u00bb header_font=\u00bb|on|||\u00bb header_font_size=\u00bb26&#8243; body_font_size=\u00bb14&#8243; use_border_color=\u00bboff\u00bb border_color=\u00bb#ffffff\u00bb border_style=\u00bbsolid\u00bb custom_button=\u00bboff\u00bb button_text_size=\u00bb20&#8243; button_border_width=\u00bb2&#8243; button_border_radius=\u00bb3&#8243; button_letter_spacing=\u00bb0&#8243; button_use_icon=\u00bbdefault\u00bb button_icon_placement=\u00bbright\u00bb button_on_hover=\u00bbon\u00bb button_border_radius_hover=\u00bb3&#8243; button_letter_spacing_hover=\u00bb0&#8243;]<\/p>\n<p>Si estas interesado\/a, solicita m\u00e1s informaci\u00f3n, pulsa el bot\u00f3n y rellena el formulario.<\/p>\n<p>[\/et_pb_cta][\/et_pb_column][\/et_pb_row][\/et_pb_section]<\/p>\n","protected":false},"excerpt":{"rendered":"<p>Acci\u00f3n Rural es una organizaci\u00f3n sin \u00e1nimo de lucro que se\u00a0 encuentra registrada en el Registro de Asociaciones de la Junta de\u00a0 Extremadura, en la Secci\u00f3n 1\u00aa, con el n\u00famero 2826. Tiene un \u00e1mbito de actuaci\u00f3n regional, es decir, abarca las dos provincias que conforman la Comunidad Aut\u00f3noma de Extremadura, C\u00e1ceres y Badajoz. Desde Acci\u00f3n [&hellip;]<\/p>\n","protected":false},"author":2,"featured_media":0,"parent":0,"menu_order":0,"comment_status":"closed","ping_status":"closed","template":"","meta":{"_et_pb_use_builder":"on","_et_pb_old_content":"","_et_gb_content_width":"","footnotes":""},"class_list":["post-201","page","type-page","status-publish","hentry"],"yoast_head":"<!-- This site is optimized with the Yoast SEO plugin v27.5 - https:\/\/yoast.com\/product\/yoast-seo-wordpress\/ -->\n<title>Quienes s\u00f3mos - Web Oficial de Erasmus Rural \u00b7 Extremadura \u00b7 Espa\u00f1a<\/title>\n<meta name=\"robots\" content=\"index, follow, max-snippet:-1, max-image-preview:large, max-video-preview:-1\" \/>\n<link rel=\"canonical\" href=\"https:\/\/www.erasmusrural.com\/index.php\/quienes-somos\/\" \/>\n<meta property=\"og:locale\" content=\"es_ES\" \/>\n<meta property=\"og:type\" content=\"article\" \/>\n<meta property=\"og:title\" content=\"Quienes s\u00f3mos - Web Oficial de Erasmus Rural \u00b7 Extremadura \u00b7 Espa\u00f1a\" \/>\n<meta property=\"og:description\" content=\"Acci\u00f3n Rural es una organizaci\u00f3n sin \u00e1nimo de lucro que se\u00a0 encuentra registrada en el Registro de Asociaciones de la Junta de\u00a0 Extremadura, en la Secci\u00f3n 1\u00aa, con el n\u00famero 2826. Tiene un \u00e1mbito de actuaci\u00f3n regional, es decir, abarca las dos provincias que conforman la Comunidad Aut\u00f3noma de Extremadura, C\u00e1ceres y Badajoz. Desde Acci\u00f3n [&hellip;]\" \/>\n<meta property=\"og:url\" content=\"https:\/\/www.erasmusrural.com\/index.php\/quienes-somos\/\" \/>\n<meta property=\"og:site_name\" content=\"Web Oficial de Erasmus Rural \u00b7 Extremadura \u00b7 Espa\u00f1a\" \/>\n<meta property=\"article:modified_time\" content=\"2016-03-11T12:08:31+00:00\" \/>\n<meta name=\"twitter:card\" content=\"summary_large_image\" \/>\n<meta name=\"twitter:label1\" content=\"Tiempo de lectura\" \/>\n\t<meta name=\"twitter:data1\" content=\"6 minutos\" \/>\n<script type=\"application\/ld+json\" class=\"yoast-schema-graph\">{\"@context\":\"https:\\\/\\\/schema.org\",\"@graph\":[{\"@type\":\"WebPage\",\"@id\":\"https:\\\/\\\/www.erasmusrural.com\\\/index.php\\\/quienes-somos\\\/\",\"url\":\"https:\\\/\\\/www.erasmusrural.com\\\/index.php\\\/quienes-somos\\\/\",\"name\":\"Quienes s\u00f3mos - Web Oficial de Erasmus Rural \u00b7 Extremadura \u00b7 Espa\u00f1a\",\"isPartOf\":{\"@id\":\"https:\\\/\\\/www.erasmusrural.com\\\/#website\"},\"datePublished\":\"2016-03-07T17:10:53+00:00\",\"dateModified\":\"2016-03-11T12:08:31+00:00\",\"breadcrumb\":{\"@id\":\"https:\\\/\\\/www.erasmusrural.com\\\/index.php\\\/quienes-somos\\\/#breadcrumb\"},\"inLanguage\":\"es\",\"potentialAction\":[{\"@type\":\"ReadAction\",\"target\":[\"https:\\\/\\\/www.erasmusrural.com\\\/index.php\\\/quienes-somos\\\/\"]}]},{\"@type\":\"BreadcrumbList\",\"@id\":\"https:\\\/\\\/www.erasmusrural.com\\\/index.php\\\/quienes-somos\\\/#breadcrumb\",\"itemListElement\":[{\"@type\":\"ListItem\",\"position\":1,\"name\":\"Portada\",\"item\":\"https:\\\/\\\/www.erasmusrural.com\\\/\"},{\"@type\":\"ListItem\",\"position\":2,\"name\":\"Quienes s\u00f3mos\"}]},{\"@type\":\"WebSite\",\"@id\":\"https:\\\/\\\/www.erasmusrural.com\\\/#website\",\"url\":\"https:\\\/\\\/www.erasmusrural.com\\\/\",\"name\":\"Web Oficial de Erasmus Rural \u00b7 Extremadura \u00b7 Espa\u00f1a\",\"description\":\"Erasmus Extremadura\",\"potentialAction\":[{\"@type\":\"SearchAction\",\"target\":{\"@type\":\"EntryPoint\",\"urlTemplate\":\"https:\\\/\\\/www.erasmusrural.com\\\/?s={search_term_string}\"},\"query-input\":{\"@type\":\"PropertyValueSpecification\",\"valueRequired\":true,\"valueName\":\"search_term_string\"}}],\"inLanguage\":\"es\"}]}<\/script>\n<!-- \/ Yoast SEO plugin. -->","yoast_head_json":{"title":"Quienes s\u00f3mos - Web Oficial de Erasmus Rural \u00b7 Extremadura \u00b7 Espa\u00f1a","robots":{"index":"index","follow":"follow","max-snippet":"max-snippet:-1","max-image-preview":"max-image-preview:large","max-video-preview":"max-video-preview:-1"},"canonical":"https:\/\/www.erasmusrural.com\/index.php\/quienes-somos\/","og_locale":"es_ES","og_type":"article","og_title":"Quienes s\u00f3mos - Web Oficial de Erasmus Rural \u00b7 Extremadura \u00b7 Espa\u00f1a","og_description":"Acci\u00f3n Rural es una organizaci\u00f3n sin \u00e1nimo de lucro que se\u00a0 encuentra registrada en el Registro de Asociaciones de la Junta de\u00a0 Extremadura, en la Secci\u00f3n 1\u00aa, con el n\u00famero 2826. Tiene un \u00e1mbito de actuaci\u00f3n regional, es decir, abarca las dos provincias que conforman la Comunidad Aut\u00f3noma de Extremadura, C\u00e1ceres y Badajoz. Desde Acci\u00f3n [&hellip;]","og_url":"https:\/\/www.erasmusrural.com\/index.php\/quienes-somos\/","og_site_name":"Web Oficial de Erasmus Rural \u00b7 Extremadura \u00b7 Espa\u00f1a","article_modified_time":"2016-03-11T12:08:31+00:00","twitter_card":"summary_large_image","twitter_misc":{"Tiempo de lectura":"6 minutos"},"schema":{"@context":"https:\/\/schema.org","@graph":[{"@type":"WebPage","@id":"https:\/\/www.erasmusrural.com\/index.php\/quienes-somos\/","url":"https:\/\/www.erasmusrural.com\/index.php\/quienes-somos\/","name":"Quienes s\u00f3mos - Web Oficial de Erasmus Rural \u00b7 Extremadura \u00b7 Espa\u00f1a","isPartOf":{"@id":"https:\/\/www.erasmusrural.com\/#website"},"datePublished":"2016-03-07T17:10:53+00:00","dateModified":"2016-03-11T12:08:31+00:00","breadcrumb":{"@id":"https:\/\/www.erasmusrural.com\/index.php\/quienes-somos\/#breadcrumb"},"inLanguage":"es","potentialAction":[{"@type":"ReadAction","target":["https:\/\/www.erasmusrural.com\/index.php\/quienes-somos\/"]}]},{"@type":"BreadcrumbList","@id":"https:\/\/www.erasmusrural.com\/index.php\/quienes-somos\/#breadcrumb","itemListElement":[{"@type":"ListItem","position":1,"name":"Portada","item":"https:\/\/www.erasmusrural.com\/"},{"@type":"ListItem","position":2,"name":"Quienes s\u00f3mos"}]},{"@type":"WebSite","@id":"https:\/\/www.erasmusrural.com\/#website","url":"https:\/\/www.erasmusrural.com\/","name":"Web Oficial de Erasmus Rural \u00b7 Extremadura \u00b7 Espa\u00f1a","description":"Erasmus Extremadura","potentialAction":[{"@type":"SearchAction","target":{"@type":"EntryPoint","urlTemplate":"https:\/\/www.erasmusrural.com\/?s={search_term_string}"},"query-input":{"@type":"PropertyValueSpecification","valueRequired":true,"valueName":"search_term_string"}}],"inLanguage":"es"}]}},"jetpack_sharing_enabled":true,"_links":{"self":[{"href":"https:\/\/www.erasmusrural.com\/index.php\/wp-json\/wp\/v2\/pages\/201","targetHints":{"allow":["GET"]}}],"collection":[{"href":"https:\/\/www.erasmusrural.com\/index.php\/wp-json\/wp\/v2\/pages"}],"about":[{"href":"https:\/\/www.erasmusrural.com\/index.php\/wp-json\/wp\/v2\/types\/page"}],"author":[{"embeddable":true,"href":"https:\/\/www.erasmusrural.com\/index.php\/wp-json\/wp\/v2\/users\/2"}],"replies":[{"embeddable":true,"href":"https:\/\/www.erasmusrural.com\/index.php\/wp-json\/wp\/v2\/comments?post=201"}],"version-history":[{"count":19,"href":"https:\/\/www.erasmusrural.com\/index.php\/wp-json\/wp\/v2\/pages\/201\/revisions"}],"predecessor-version":[{"id":268,"href":"https:\/\/www.erasmusrural.com\/index.php\/wp-json\/wp\/v2\/pages\/201\/revisions\/268"}],"wp:attachment":[{"href":"https:\/\/www.erasmusrural.com\/index.php\/wp-json\/wp\/v2\/media?parent=201"}],"curies":[{"name":"wp","href":"https:\/\/api.w.org\/{rel}","templated":true}]}}